 factors of o?
2, 11, 563
Let i(y) = 58*y**3 - 6*y**2 + 57*y - 148. List the prime factors of i(3).
5, 307
Let a = 143 - 140. Suppose -k - 708 = -a*m, 4*m - 2*k - 944 = k. What are the prime factors of m?
2, 59
Let n(m) = -133*m - 287. Let f(d) = -12*d - 26. Let j(x) = 56*f(x) - 5*n(x). Let l be j(-5). Let q(s) = 6*s + 44. List the prime factors of q(l).
2
Let o be (18/(-15))/(3/(30/(-4))). Suppose 2*x = 3*x - 3*k - 77, 231 = o*x - 4*k. List the prime factors of x.
7, 11
Let v(f) = -7*f - 10. Let w(g) = g. Let u(z) = -v(z) - 3*w(z). Let q be u(8). Suppose -3*r + 235 = 2*r - 5*c, 2*c = r - q. List the prime factors of r.
2, 13
Suppose -3*z = -r + 155 + 84, 5*z = 0. Let f = 102 + r. List the prime factors of f.
11, 31
Suppose 31 = 5*l - 14. Let i be 3 - -1*1702/(-4 - -6). Suppose 2*g + i = l*g. List the prime factors of g.
2, 61
Let a = -171 - -173. Suppose j - 55 = -2*k + k, j + 5*k - 35 = 0. Let x = j - a. List the prime factors of x.
2, 29
Let s be (-2)/3*(11 - (-2191)/(-14)). Suppose -155 = -28*c + s. List the prime factors of c.
3
Let d = -1213 - -2059. Let y = d - 499. What are the prime factors of y?
347
Suppose -5*k + 4*k + 18 = 0. Suppose -4*s + 2*l + k = 0, 6*s - 2*l = 10*s - 22. Suppose 0*j - 1560 = -s*j. List the prime factors of j.
2, 3, 13
Suppose -3*w = -6*w - 2244. Let h = w + 1138. List the prime factors of h.
2, 3, 5, 13
Let h be ((-143)/(-2))/(6 + 122/(-20)). Let i = -450 - h. What are the prime factors of i?
5, 53
Let d(z) = 5*z**2 + 35*z + 5. Suppose j = -2*v - 35, 59 = 5*v + 5*j + 159. List the prime factors of d(v).
5, 11
Let t be (-2 + 2 - -7)*-1. Suppose 5*s - 5005 = 10*s. What are the prime factors of s/(-26)*(-4)/t?
2, 11
Suppose 8*a = -4*a - 0*a + 262884. List the prime factors of a.
19, 1153
Suppose -85*q + 98*q = 78455. List the prime factors of q.
5, 17, 71
Suppose 0 = -3*t + 17 + 13. Suppose 4*g - 2*q + 25 = 5, -4*g - t = 3*q. Let w(f) = 5*f**2 + 4*f - 1. List the prime factors of w(g).
3, 7
Suppose 49*t - 290756 = -34 + 159245. What are the prime factors of t?
3, 3061
Let o(d) = d**2 + 4*d + 7. Let l be o(19). Let n = -337 + l. What are the prime factors of n?
107
Let j be -529 + 18 + -5 + -5. Let z be (-254 + -1)/((-2)/6). Let s = z + j. List the prime factors of s.
2, 61
Let d(y) = 2*y + 3185. Let o be d(0). Suppose 6*x = -983 + o. What are the prime factors of x?
367
Let x = 18231 + -15875. What are the prime factors of x?
2, 19, 31
Suppose 2*b + 60 = 5*o - 0*o, 2*b - 60 = -5*o. List the prime factors of ((-8)/7)/(o/(-966)).
2, 23
Let d(z) = 3*z - 39. Let c be d(13). Suppose n - 3*o = 1, c = -4*n + o + 2 - 9. What are the prime factors of n/3 + (-1860)/(-9)?
2, 103
Suppose 0 = -3*v + 2*v + 755. Suppose -15 = 19*j - 15. Suppose -6*m + m + v = j. List the prime factors of m.
151
Let y(m) = m**2 - 4*m - 43. Let o be y(-13). Suppose 4*h = o + 14. What are the prime factors of h?
2, 3
Suppose 4*r = 21*t - 22*t + 127637, -4*r + t = -127651. List the prime factors of r.
3, 11, 967
Let z(p) be the first derivative of p**4/6 - 2*p**3/3 - p**2/2 - 9*p - 25. Let f(v) be the first derivative of z(v). List the prime factors of f(5).
29
Suppose 0 = -1025*u + 1012*u + 112502. List the prime factors of u.
2, 4327
Suppose 5*o + 20 = 0, 5*o = -5*t - 2 + 92. Suppose -3205 - 2889 = -t*b. List the prime factors of b.
277
Let z(m) = -m**3 + 5*m**2 - 4*m + 5. Let s be z(4). Suppose -4*d + 3*d + s = 0. Suppose d*j - 736 = -3*j. What are the prime factors of j?
2, 23
Suppose 1017 = -19*v + 22*v. Let w = 670 + v. List the prime factors of w.
1009
Suppose 46*v = -9*v + 408155. What are the prime factors of v?
41, 181
Suppose 183*c - 172*c = 33. Suppose 0 = c*h + 9, 0 = 2*o - 4*h - 1646. What are the prime factors of o?
19, 43
Let t(u) = -634*u + 2601. List the prime factors of t(-71).
5, 89, 107
Suppose 7*w - 9151 - 4079 = 0. What are the prime factors of ((-14)/6)/((-5)/w)?
2, 3, 7
Let w(b) = 137*b - b**3 - 1 - 6*b**2 - 68*b - 78*b. Let p be w(-4). Suppose 5*f = -v + 143 + 537, p*v = 0. What are the prime factors of f?
2, 17
Let n(u) = u**2 - 4*u + 9. Let w be n(10). List the prime factors of (-6)/w - (-21280)/322.
2, 3, 11
Let s be 1/(-2) + 154/(-4). What are the prime factors of (-1)/3 + (-8944)/s?
229
Suppose d - 212 - 5853 = -2*w, 0 = 5*w - d - 15180. Suppose -2221 - w = -9*c. What are the prime factors of c?
2, 73
Let w = -29 - -25. List the prime factors of (-9690)/(-66) + -3 - w/22.
2, 3
Suppose -2*o + 807 = o - 3*x, 811 = 3*o - 5*x. Let d = o - -218. What are the prime factors of d?
5, 97
Let q = 39 + -36. Suppose -3*p - 26 = -4*i, 2*i - p = q + 11. What are the prime factors of (-3 + i - 2) + 76?
79
Suppose h + 5*x = 3 + 32, 0 = 4*h + 2*x - 104. Suppose 1575 + 474 = 2*i - 5*y, 5*y = -h. What are the prime factors of i?
2, 11, 23
Suppose -4*n + 4*v - 2 + 18 = 0, -3*n = -4*v - 16. Let l be (-1)/(-3)*n - -3. List the prime factors of -2 - (-1 + (-9)/l).
2
Let v be 23/(-7) + (-3 - (-46)/14). Let p be 8 - (v - ((-16)/(-4) - 8)). Suppose 9*o - p*o = -5*d + 462, -2*o = -5*d - 442. List the prime factors of o.
2, 113
Let t = -25 - -29. Let y(a) = a**3 - 2*a**2 + 9*a - 27. What are the prime factors of y(t)?
41
Suppose -6120 = 38*u - 23*u. What are the prime factors of (u/(-170))/((-4)/(-730))?
2, 3, 73
Let y(u) = 55*u + 44*u**2 - 3*u**3 + 63 + 2*u**3 - 40*u. List the prime factors of y(44).
3, 241
Let n = 7339 - 4333. List the prime factors of n.
2, 3, 167
Let u(w) = 54*w**2 + 73*w - 1157. What are the prime factors of u(12)?
5, 1499
Let f be 48/(-192)*(-57 - -1). Suppose -f*j + 20*j = 3864. List the prime factors of j.
2, 7, 23
Suppose -249 = 3*q + c + 3, -2*q - 175 = 3*c. Let p = q - -246. What are the prime factors of p?
163
Let c = 4303 - 2604. What are the prime factors of c?
1699
Suppose -j + 38 = 5*i - 4*j, -3*i - 5*j + 16 = 0. Suppose i*m - 15*m = -2224. What are the prime factors of m?
2, 139
Suppose 8*r + 9*r = -4*r + 425355. What are the prime factors of r?
5, 4051
List the prime factors of -255*((-93)/45 + 10 + 310/(-30)).
2, 3, 17
Let j = 385 - 393. Let y(o) = 21*o**2 - 40*o - 300. What are the prime factors of y(j)?
2, 11, 31
Let b(q) be the first derivative of 11*q**4/6 + 2*q**3/3 - 4*q**2 - 26. Let u(y) be the second derivative of b(y). What are the prime factors of u(1)?
2, 3
Let z = 13819 - 8903. List the prime factors of z.
2, 1229
Let k(x) = -38*x**2 - x - 5. Let a be k(-3). Let y = -51 - a. List the prime factors of y.
293
Let k(z) = 1824*z + 312. List the prime factors of k(8).
2, 3, 23
Suppose 18 = -4*g - 2*n + 6, -19 = -g + 5*n. What are the prime factors of ((-12*96)/12)/(g*1)?
2, 3
Let x be (0/1)/(1*-1). Suppose 0 = 189*w - 181*w. Suppose -3*d - 2*d + 3*m + 711 = w, -m + 3 = x. What are the prime factors of d?
2, 3
List the prime factors of (-66855)/(-24) - (-220)/(-352).
5, 557
Suppose -b + 3*b - 388 = 0. Let s = b + 114. What are the prime factors of s?
2, 7, 11
Suppose -4*c - 29*c = 143*c - 13387440. List the prime factors of c.
3, 5, 11, 461
Let x = -1206 - -3420. Suppose -19*i = -x + 390. What are the prime factors of i?
2, 3
Let v = -42171 + 61037. List the prime factors of v.
2, 9433
Suppose -4*l = 2*o - 6*l + 8, 3*o + 4*l + 19 = 0. Let z(r) = 19*r**2 + 6*r + 6. Let k be z(o). Suppose 885 = 8*d - k. What are the prime factors of d?
167
Let w = -5402 + 10227. What are the prime factors of w?
5, 193
Suppose -4*g + 11*g = 21. Let k(z) = g + 56*z + 8 - 28*z. What are the prime factors of k(3)?
5, 19
Suppose -23*w - 137626 = -119*w + 90566. List the prime factors of w.
2377
Let k be (-4)/(-18) - (2 + (-238)/63). Suppose -4*j + 430 = k*l, 6*l - 3*l + 415 = 4*j. What are the prime factors of j?
2, 53
Let d = 46 + -45. Let v be (4/d)/((-4)/(3 + -5)). Suppose 0 = -v*h + h + 14. List the prime factors of h.
2, 7
Let i be ((-105)/(-25) - 5) + (-5)/25. List the prime factors of 538*i/(1/(-1)).
2, 269
Suppose 0 = -4*w - 0*w - 4*n + 1464, 3*w + 5*n - 1104 = 0. Suppose -15*a + 12*a = -15. Suppose 7 + w = a*t. What are the prime factors of t?
2, 37
Let m be (-42)/49*42/(-18). Suppose -m*k + 491 = -527. What are the prime factors of k?
509
Suppose 0 = -0*l + 2*l + i - 119, -2*l + 89 = -5*i. Let o = l - 55. Let f = 53 - o. What are the prime factors of f?
3, 17
Let s(d) = 10*d**2 - 53*d + 149. What are the prime fa